0.
46
Convert -2 (base 7) to base 9.
-2
-300 (base 8) to base 16
-c0
Convert -10 (base 15) to base 10.
-15
2 (base 10) to base 9
2
6 (base 8) to base 7
6
Convert 6 (base 14) to base 15.
6
What is -1 (base 4) in base 13?
-1
Convert -10101 (base 2) to base 15.
-16
Convert 10120 (base 4) to base 16.
118
What is -32 (base 13) in base 11?
-38
What is -1112 (base 5) in base 7?
-313
Convert a (base 14) to base 8.
12
What is 211 (base 3) in base 6?
34
Convert -1d (base 14) to base 13.
-21
Convert -4 (base 15) to base 7.
-4
-21 (base 3) to base 15
-7
Convert 4 (base 6) to base 5.
4
Convert 227 (base 9) to base 14.
d5
41 (base 7) to base 14
21
233 (base 5) to base 7
125
Convert -21 (base 9) to base 8.
-23
What is -25 (base 13) in base 16?
-1f
-301 (base 4) to base 16
-31
What is 8 (base 11) in base 12?
8
Convert -12 (base 3) to base 6.
-5
16 (base 16) to base 4
112
Convert -12 (base 13) to base 5.
-30
What is -13 (base 10) in base 7?
-16
What is 1a7 (base 12) in base 10?
271
What is -54 (base 13) in base 7?
-126
Convert 10011 (base 3) to base 14.
61
What is 342 (base 7) in base 10?
177
What is 0 (base 13) in base 10?
0
440 (base 5) to base 7
231
Convert -11011100 (base 2) to base 5.
-1340
What is 2 (base 9) in base 15?
2
What is -1e (base 15) in base 2?
-11101
What is 141 (base 16) in base 13?
1b9
-199 (base 15) to base 2
-101110001
What is 211 (base 8) in base 10?
137
-76 (base 10) to base 5
-301
Convert 8b (base 12) to base 13.
83
What is -24 (base 6) in base 3?
-121
-41 (base 14) to base 3
-2010
What is -55 (base 8) in base 5?
-140
Convert 2 (base 6) to base 11.
2
4 (base 5) to base 16
4
Convert -6 (base 7) to base 5.
-11
Convert 7 (base 16) to base 2.
111
-211 (base 3) to base 13
-19
-3 (base 13) to base 12
-3
Convert -8 (base 13) to base 7.
-11
What is cc (base 16) in base 7?
411
What is -31 (base 5) in base 15?
-11
-1 (base 4) to base 5
-1
What is 10102 (base 3) in base 13?
71
-240 (base 8) to base 13
-c4
Convert 1 (base 8) to base 5.
1
-17 (base 11) to base 5
-33
Convert -12 (base 11) to base 4.
-31
What is -11 (base 2) in base 12?
-3
What is -81 (base 15) in base 2?
-1111001
104 (base 7) to base 6
125
1102 (base 3) to base 14
2a
Convert -20 (base 5) to base 13.
-a
What is 10 (base 3) in base 12?
3
Convert 6b (base 12) to base 8.
123
Convert 10 (base 3) to base 10.
3
-1 (base 2) to base 14
-1
What is -21 (base 5) in base 9?
-12
Convert 2 (base 7) to base 10.
2
-1100 (base 2) to base 8
-14
What is 2 (base 3) in base 6?
2
10 (base 12) to base 4
30
425 (base 7) to base 16
d7
3 (base 11) to base 7
3
-131 (base 4) to base 7
-41
What is 6 (base 14) in base 2?
110
What is -9 (base 11) in base 7?
-12
Convert 111 (base 2) to base 7.
10
21102 (base 3) to base 8
310
-2 (base 11) to base 10
-2
Convert -36 (base 12) to base 10.
-42
Convert -163 (base 8) to base 12.
-97
-4 (base 13) to base 3
-11
Convert -4 (base 12) to base 11.
-4
What is -8 (base 16) in base 6?
-12
What is -44 (base 15) in base 3?
-2101
What is 0 (base 3) in base 15?
0
What is 60 (base 15) in base 14?
66
Convert -10313 (base 4) to base 14.
-183
What is -144 (base 8) in base 13?
-79
What is 2 (base 9) in base 12?
2
Convert 65 (base 16) to base 14.
73
What is 217 (base 9) in base 7?
343
What is -33 (base 9) in base 15?
-20
414 (base 6) to base 8
232
Convert -2 (base 12) to base 4.
-2
Convert -3 (base 11) to base 3.
-10
56 (base 14) to base 7
136
1202 (base 3) to base 10
47
-52 (base 16) to base 15
-57
Convert -13 (base 7) to base 10.
-10
Convert 46 (base 8) to base 4.
212
Convert 3 (base 5) to base 9.
3
Convert 154 (base 10) to base 6.
414
Convert 2 (base 9) to base 16.
2
21 (base 13) to base 16
1b
What is 89 (base 10) in base 3?
10022
What is -125 (base 8) in base 3?
-10011
Convert 15 (base 7) to base 9.
13
Convert -5 (base 9) to base 12.
-5
-4 (base 12) to base 6
-4
Convert -5 (base 7) to base 11.
-5
Convert -6 (base 7) to base 9.
-6
What is -6 (base 12) in base 4?
-12
Convert 1 (base 13) to base 11.
1
-100 (base 3) to base 6
-13
1 (base 8) to base 2
1
What is -22 (base 4) in base 8?
-12
-1 (base 7) to base 10
-1
What is 5 (base 10) in base 5?
10
Convert -30 (base 6) to base 7.
-24
What is -3 (base 12) in base 8?
-3
Convert -77 (base 8) to base 6.
-143
Convert 52 (base 15) to base 6.
205
Convert -3 (base 8) to base 5.
-3
Convert -60 (base 14) to base 9.
-103
What is 3 (base 12) in base 6?
3
Convert -3 (base 6) to base 16.
-3
Convert 12 (base 14) to base 2.
10000
21 (base 6) to base 4
31
Convert 1 (base 14) to base 10.
1
Convert 110 (base 2) to base 5.
11
12 (base 7) to base 10
9
-24 (base 10) to base 12
-20
8 (base 11) to base 13
8
-12 (base 7) to base 8
-11
What is -1a (base 14) in base 4?
-120
-1 (base 11) to base 3
-1
What is 4 (base 16) in base 9?
4
Convert 258 (base 12) to base 3.
111012
-22 (base 11) to base 8
-30
What is 1 (base 14) in base 4?
1
What is -7 (base 15) in base 11?
-7
Convert 100100000 (base 2) to base 12.
200
What is 10 (base 3) in base 4?
3
332 (base 4) to base 8
76
-2 (base 9) to base 8
-2
What is -1 (base 10) in base 16?
-1
Convert -1b (base 12) to base 7.
-32
Convert 4 (base 16) to base 13.
4
-4 (base 12) to base 6
-4
Convert 3 (base 15) to base 12.
3
Convert -176 (base 9) to base 2.
-10010110
22 (base 9) to base 13
17
What is 2b (base 15) in base 13?
32
What is 15 (base 14) in base 4?
103
7 (base 13) to base 15
7
What is 101 (base 2) in base 9?
5
What is 10 (base 5) in base 13?
5
Convert 0 (base 2) to base 14.
0
24 (base 5) to base 3
112
What is -2 (base 4) in base 14?
-2
What is -122 (base 3) in base 6?
-25
What is 114 (base 11) in base 14?
9a
What is -2 (base 5) in base 4?
-2
Convert 1 (base 3) to base 10.
1
Convert -123 (base 6) to base 5.
-201
-110101 (base 2) to base 5
-203
-3 (base 4) to base 10
-3
72 (base 10) to base 15
4c
17 (base 10) to base 5
32
-75 (base 10) to base 2
-1001011
What is 1011010 (base 2) in base 12?
76
Convert -131 (base 6) to base 9.
-61
3 (base 13) to base 4
3
What is 2 (base 3) in base 11?
2
What is 0 (base 14) in base 2?
0
What is 5a (base 13) in base 7?
135
What is 11 (base 2) in base 12?
3
What is 9 (base 12) in base 2?
1001
19 (base 10) to base 9
21
-103 (base 8) to base 12
-57
-b (base 14) to base 9
-12
Convert -3 (base 16) to base 4.
-3
What is -10 (base 7) in base 9?
-7
Convert 127 (base 11) to base 3.
12120
What is 58 (base 13) in base 14?
53
What is 2 (base 16) in base 11?
2
Convert -78 (base 15) to base 7.
-221
1 (base 15) to base 14
1
Convert -a (base 11) to base 12.
-a
3 (base 9) to base 2
11
Convert -11120 (base 3) to base 14.
-8b
What is -219 (base 13) in base 9?
-440
Convert 25 (base 9) to base 15.
18
45 (base 10) to base 12
39
What is 110 (base 5) in base 3?
1010
What is -3 (base 8) in base 14?
-3
Convert -4 (base 16) to base 10.
-4
1 (base 12) to base 5
1
3 (base 4) to base 13
3
Convert -3 (base 8) to base 10.
-3
Convert -21 (base 4) to base 5.
-14
0 (base 2) to base 13
0
What is -1 (base 10) in base 9?
-1
Convert 5 (base 10) to base 12.
5
Convert 52 (base 14) to base 10.
72
What is 11 (base 2) in base 11?
3
Convert -11 (base 2) to base 11.
-3
0 (base 4) to base 16
0
What is -8 (base 16) in base 5?
-13
What is -2 (base 13) in base 3?
-2
What is 0 (base 16) in base 5?
0
-10 (base 6) to base 15
-6
-102 (base 4) to base 7
-24
Convert 1 (base 2) to base 16.
1
What is -113 (base 7) in base 3?
-2012
Convert -144 (base 5) to base 3.
-1211
What is -2420 (base 5) in base 16?
-168
Convert -3 (base 14) to base 2.
-11
What is -3 (base 7) in base 13?
-3
What is 2 (base 11) in base 16?
2
-4 (base 13) to base 15
-4
What is -1 (base 10) in base 9?
-1
0 (base 2) to base 13
0
-2 (base 8) to base 5
-2
Convert 3 (base 15) to base 16.
3
What is 10 (base 3) in base 5?
3
Convert -1b (base 13) to base 15.
-19
Convert -3 (base 16) to base 13.
-3
-6 (base 13) to base 10
-6
Convert 57 (base 9) to base 10.
52
1001000 (base 2) to base 16
48
3 (base 14) to base 4
3
What is -89 (base 12) in base 13?
-81
Convert -2 (base 12) to base 13.
-2
-255 (base 6) to base 4
-1223
What is -161 (base 13) in base 7?
-503
What is -24 (base 7) in base 13?
-15
What is 0 (base 16) in base 9?
0
-14 (base 5) to base 6
-13
Convert -100 (base 2) to base 9.
-4
5 (base 6) to base 2
101
Convert a (base 14) to base 5.
20
What is 160 (base 16) in base 6?
1344
What is -21 (b